{"id":212,"date":"2026-01-23T10:11:24","date_gmt":"2026-01-23T09:11:24","guid":{"rendered":"http:\/\/nova.pgd-cerknica.si\/?page_id=212"},"modified":"2026-03-27T09:25:53","modified_gmt":"2026-03-27T08:25:53","slug":"pozarna-varnost","status":"publish","type":"page","link":"https:\/\/pgd-cerknica.si\/?page_id=212","title":{"rendered":"Po\u017earna varnost"},"content":{"rendered":"\n<h3 class=\"wp-block-heading\">Po\u017earno varovanje<\/h3>\n\n\n\n<p>Nudimo strokovno in zanesljivo po\u017earno varovanje za razli\u010dne vrste delovnih procesov in dogodkov, kjer obstaja pove\u010dana nevarnost za nastanek po\u017eara. Na\u0161a usposobljena ekipa poskrbi za varno izvajanje del ter hitro ukrepanje v primeru nevarnosti.<\/p>\n\n\n\n<h4 class=\"wp-block-heading\">Kdaj je po\u017earno varovanje potrebno?<\/h4>\n\n\n\n<p>Po\u017earno varovanje je priporo\u010dljivo ali obvezno pri dejavnostih z ve\u010djim po\u017earnim tveganjem, kot so:<\/p>\n\n\n\n<ul class=\"wp-block-list\">\n<li>varjenje, rezanje in bru\u0161enje v po\u017earno nevarnem okolju<\/li>\n\n\n\n<li>dela v proizvodnih obratih in delavnicah<\/li>\n\n\n\n<li>posegi na objektih, kjer obstaja ve\u010dja mo\u017enost v\u017eiga<\/li>\n\n\n\n<li>uporaba odprtega ognja ali orodij, ki povzro\u010dajo iskre<\/li>\n<\/ul>\n\n\n\n<h4 class=\"wp-block-heading\">Po\u017earno varovanje na dogodkih<\/h4>\n\n\n\n<p>Zagotavljamo tudi po\u017earno varovanje na:<\/p>\n\n\n\n<ul class=\"wp-block-list\">\n<li>prireditvah in koncertih<\/li>\n\n\n\n<li>veselicah in javnih dogodkih<\/li>\n\n\n\n<li>\u0161portnih dogodkih<\/li>\n\n\n\n<li>zasebnih dogodkih z ve\u010djim \u0161tevilom obiskovalcev<\/li>\n<\/ul>\n\n\n\n<h4 class=\"wp-block-heading\">Kaj vklju\u010duje storitev<\/h4>\n\n\n\n<ul class=\"wp-block-list\">\n<li>prisotnost usposobljenih gasilcev<\/li>\n\n\n\n<li>nadzor nad po\u017earno varnostjo<\/li>\n\n\n\n<li>preventivni ukrepi za prepre\u010devanje po\u017eara<\/li>\n\n\n\n<li>takoj\u0161nje ukrepanje v primeru po\u017eara ali druge nevarnosti<\/li>\n<\/ul>\n\n\n\n<h4 class=\"wp-block-heading\">Cena<\/h4>\n\n\n\n<div class=\"wp-block-buttons is-layout-flex wp-block-buttons-is-layout-flex\">\n<div class=\"wp-block-button\"><a class=\"wp-block-button__link wp-element-button\">Po dogovoru<\/a><\/div>\n<\/div>\n\n\n\n<h4 class=\"wp-block-heading\">Kontakt<\/h4>\n\n\n\n<p>Za ve\u010d informacij ali naro\u010dilo po\u017earnega varovanja nas kontaktirajte:<br><strong><a>info@pgd-cerknica.si<\/a><\/strong><\/p>\n","protected":false},"excerpt":{"rendered":"<p>Po\u017earno varovanje Nudimo strokovno in zanesljivo po\u017earno varovanje za razli\u010dne vrste delovnih procesov in dogodkov, kjer obstaja pove\u010dana nevarnost za nastanek po\u017eara. Na\u0161a usposobljena ekipa poskrbi za varno izvajanje del ter hitro ukrepanje v primeru nevarnosti. Kdaj je po\u017earno varovanje potrebno? Po\u017earno varovanje je priporo\u010dljivo ali obvezno pri dejavnostih z ve\u010djim po\u017earnim tveganjem, kot so: [&hellip;]<\/p>\n","protected":false},"author":1,"featured_media":0,"parent":0,"menu_order":0,"comment_status":"closed","ping_status":"closed","template":"","meta":{"footnotes":""},"class_list":["post-212","page","type-page","status-publish","hentry"],"_links":{"self":[{"href":"https:\/\/pgd-cerknica.si\/index.php?rest_route=\/wp\/v2\/pages\/212","targetHints":{"allow":["GET"]}}],"collection":[{"href":"https:\/\/pgd-cerknica.si\/index.php?rest_route=\/wp\/v2\/pages"}],"about":[{"href":"https:\/\/pgd-cerknica.si\/index.php?rest_route=\/wp\/v2\/types\/page"}],"author":[{"embeddable":true,"href":"https:\/\/pgd-cerknica.si\/index.php?rest_route=\/wp\/v2\/users\/1"}],"replies":[{"embeddable":true,"href":"https:\/\/pgd-cerknica.si\/index.php?rest_route=%2Fwp%2Fv2%2Fcomments&post=212"}],"version-history":[{"count":1,"href":"https:\/\/pgd-cerknica.si\/index.php?rest_route=\/wp\/v2\/pages\/212\/revisions"}],"predecessor-version":[{"id":271,"href":"https:\/\/pgd-cerknica.si\/index.php?rest_route=\/wp\/v2\/pages\/212\/revisions\/271"}],"wp:attachment":[{"href":"https:\/\/pgd-cerknica.si\/index.php?rest_route=%2Fwp%2Fv2%2Fmedia&parent=212"}],"curies":[{"name":"wp","href":"https:\/\/api.w.org\/{rel}","templated":true}]}}